3e?
-c02
In base 4, what is 11 - 2310022210?
-2310022133
In base 12, what is -9b809 - b?
-9b818
In base 13, what is 168a7 - 2?
168a5
In base 7, what is -12231 - -403?
-11525
In base 14, what is 1 + 1b3c?
1b3d
In base 4, what is -22213 + -201300?
-230113
In base 13, what is 34 - 5b1?
-57a
In base 13, what is 4230 - -15a?
438a
In base 9, what is 0 - -1058273?
1058273
In base 7, what is -14 + -502464?
-502511
In base 16, what is -917 + -19?
-930
In base 9, what is 6814 - -8?
6823
In base 13, what is -4104 + 23?
-40b1
In base 12, what is -4a - -8b1?
863
In base 7, what is -1005 - -60?
-615
In base 11, what is 3 + 10265?
10268
In base 5, what is 3 + 24402022?
24402030
In base 2, what is -1010111010 + 11110101?
-111000101
In base 9, what is -73 + 2288?
2215
In base 14, what is 1 - 3796d?
-3796c
In base 8, what is 63 + 543?
626
In base 5, what is -112014 - -4?
-112010
In base 5, what is 3 + 432001?
432004
In base 11, what is -22566 - 9?
-22574
In base 11, what is 28 - 52a?
-502
In base 6, what is 12 + 34453?
34505
In base 13, what is 45 + -3689?
-3644
In base 6, what is 3 - -504454?
504501
In base 14, what is 33 + 12407?
1243a
In base 11, what is -59 + 582?
524
In base 14, what is 47c - -15?
493
In base 16, what is -9120 - -9?
-9117
In base 3, what is 12211 - -11221000?
12010211
In base 9, what is -61 + -100?
-161
In base 4, what is 1 - -11213021?
11213022
In base 4, what is 10 - -20230210?
20230220
In base 15, what is -5 + -8b?
-91
In base 12, what is 1918 + -8?
1910
In base 4, what is -10333 + -23002?
-100001
In base 7, what is 12060016 + 5?
12060024
In base 8, what is 0 + 404?
404
In base 16, what is -14e - 293c?
-2a8a
In base 3, what is 2202111 - -2021?
2211202
In base 9, what is 3 + -10068?
-10065
In base 11, what is -949 + -a8?
-a46
In base 14, what is 440 + -2?
43c
In base 9, what is -23210 + 3?
-23206
In base 4, what is 2012013 + 13121?
2031200
In base 13, what is -3 - -2367a?
23677
In base 2, what is 1000 + -110111110111?
-110111101111
In base 8, what is -5 + 22021?
22014
In base 15, what is -543 + -1?
-544
In base 12, what is 5 + -a36b?
-a366
In base 13, what is 2b4 - -7?
2bb
In base 8, what is -107 + -20763?
-21072
In base 4, what is -112131 - -1112?
-111013
In base 7, what is -2144 - -53?
-2061
In base 8, what is 66 + -37?
27
In base 8, what is -24565 - 0?
-24565
In base 14, what is -44 - -d06?
ca2
In base 6, what is -3 + -31413213?
-31413220
In base 2, what is -101 - 11000011?
-11001000
In base 15, what is 130b4a - -5?
130b50
In base 2, what is 10 + 10001001110000000?
10001001110000010
In base 12, what is 2b4440 - 4?
2b4438
In base 10, what is 2102 - -30?
2132
In base 10, what is 21 + -96844?
-96823
In base 2, what is -10010000011011000011 + 100?
-10010000011010111111
In base 14, what is 3b4dda - -3?
3b4ddd
In base 4, what is -33022 + -32?
-33120
In base 13, what is -3 - 518b6?
-518b9
In base 8, what is 33372 - -5?
33377
In base 15, what is -76 - b4?
-13a
In base 3, what is 11020220 - 12212?
11001001
In base 6, what is -2 - -13554?
13552
In base 7, what is -20233 - -161?
-20042
In base 6, what is 2153 - 3403?
-1210
In base 11, what is -405269 - 2?
-405270
In base 4, what is -1 - -111223333?
111223332
In base 11, what is 16885 + 4?
16889
In base 9, what is -243364 + -5?
-243370
In base 10, what is -161820 - 1?
-161821
In base 11, what is 14a30 + 6?
14a36
In base 2, what is -1101 - -1011000010000000?
1011000001110011
In base 3, what is -12001122 - -1?
-12001121
In base 15, what is 3802 + 11?
3813
In base 3, what is 22021220012 - 1?
22021220011
In base 7, what is -120 - -101016?
100566
In base 13, what is -4 - 297c?
-2983
In base 11, what is -1754 - 4?
-1758
In base 9, what is 3588 + 31?
3630
In base 3, what is 112111 - -101?
112212
In base 2, what is -100111111010011 - 10?
-100111111010101
In base 14, what is 35c - 29?
333
In base 9, what is 27 - 1445?
-1417
In base 15, what is -152b - c8?
-1604
In base 5, what is 11210031 + 10?
11210041
In base 11, what is 176062 - -8?
17606a
In base 8, what is -11 + -225501?
-225512
In base 9, what is -51707 - 0?
-51707
In base 9, what is -5 - -403416?
403411
In base 8, what is -52353 + 0?
-52353
In base 2, what is 1001111 + 101?
1010100
In base 4, what is -3031 - -1000?
-2031
In base 13, what is 29a + -522?
-255
In base 15, what is 45e + -2?
45c
In base 11, what is 54 - -1342?
1396
In base 10, what is -2324 + 454?
-1870
In base 5, what is -4 - -13210204?
13210200
In base 13, what is -2a + 60b4?
6087
In base 11, what is 34253 + 65?
34308
In base 8, what is -40 + -11435?
-11475
In base 12, what is 20 - -217?
237
In base 3, what is 210122 - -11?
210210
In base 15, what is -9083 + 3?
-9080
In base 12, what is 708 + 67?
773
In base 7, what is -5 + -4320256?
-4320264
In base 13, what is 3 + 4309?
430c
In base 3, what is 1000122122112 + -11?
1000122122101
In base 12, what is 14 + 7031?
7045
In base 9, what is 3704 + -24?
3670
In base 14, what is 5 + 16370?
16375
In base 12, what is -8 - 28a6?
-28b2
In base 11, what is -26 + 10a6?
1080
In base 15, what is -3 + 108184?
108181
In base 8, what is 4 - -25267?
25273
In base 13, what is 1 + -14271?
-14270
In base 15, what is -ca - 3e?
-119
In base 15, what is -5 + -5dc7?
-5dcc
In base 2, what is 1111000111 - -1001?
1111010000
In base 12, what is -117a2 - 8?
-117aa
In base 12, what is -40 - -8?
-34
In base 12, what is 2 - -8a940?
8a942
In base 15, what is 7080 + -3?
707c
In base 3, what is 11021 - 10111020?
-10022222
In base 10, what is 1188 + -897?
291
In base 8, what is 4 + 6342276?
6342302
In base 13, what is -349 - 233?
-57c
In base 3, what is 221110022110 + 1?
221110022111
In base 5, what is -4 + -103233?
-103242
In base 13, what is 29828 - 4?
29824
In base 5, what is -10 - 30310321?
-30310331
In base 2, what is -10100 + -1010000110110?
-1010001001010
In base 3, what is 1102102 + 220221?
2100100
In base 2, what is -10001010 + -1000111?
-11010001
In base 14, what is -20a8c + 1?
-20a8b
In base 3, what is -11 + -11212211?
-11212222
In base 5, what is 20 - -321121?
321141
In base 16, what is 4 + -4c97?
-4c93
In base 11, what is 105664 + 7?
105670
In base 10, what is -3 - -204711?
204708
In base 13, what is 3 + 579?
57c
In base 12, what is -2 - -2226?
2224
In base 15, what is -1723e9 - 5?
-1723ee
In base 4, what is 22211 - 10131?
12020
In base 12, what is -1 + -2107?
-2108
In base 7, what is 35 - -451354?
451422
In base 12, what is 15 + -b0a0?
-b087
In base 12, what is 11587 + -64?
11523
In base 11, what is -5 - -474a7?
474a2
In base 7, what is -6255 - 246?
-6534
In base 9, what is 158 - 1332?
-1163
In base 10, what is -3 + 28739?
28736
In base 4, what is 3101003033 + 10?
3101003103
In base 11, what is 5808 - 9?
57aa
In base 10, what is -84 + -3113?
-3197
In base 14, what is -5 + 474a4?
4749d
In base 6, what is -3 - -11124?
11121
In base 3, what is -102102011 + 1021?
-102100220
In base 9, what is -3622 + -5?
-3627
In base 16, what is 4 + 165bf?
165c3
In base 3, what is -202 + -100100212?
-100101121
In base 5, what is 201344 + -20?
201324
In base 14, what is 36ba9b - 4?
36ba97
In base 12, what is 1 - -1081?
1082
In base 4, what is -111202123 - -10?
-111202113
In base 10, what is 6 - -23087?
23093
In base 11, what is -14a + 558?
409
In base 11, what is -2a + 22646?
22617
In base 4, what is 20 + 13212?
13232
In base 13, what is -2 - 11ba0?
-11ba2
In base 11, what is -3 + 18307?
18304
In base 4, what is 1331200 + 22?
1331222
In base 5, what is 0 + 1434340?
1434340
In base 6, what is -2 + -302551?
-302553
In base 5, what is 410112 + -220?
404342
In base 7, what is -540 + -444?
-1314
In base 10, what is 1205 - 134?
1071
In base 13, what is 250 - 19?
234
In base 14, what is 4 - -13c68?
13c6c
In base 2, what is 100010000011 + 100100?
100010100111
In base 11, what is -41563 + -3?
-41566
In base 7, what is 1041062 - 1?
1041061
In base 8, what is -5 + 13066?
13061
In base 14, what is -57 - -52b?
4b4
In base 15, what is c - 1bdd?
-1bd1
In base 4, what is -10 + 20012021?
20012011
In base 6, what is 2341214 - -3?
2341221
In base 4, what is 3 + 1032311?
1032320
In base 8, what is 105 - -32?
137
In base 13, what is 4 + 20780?
20784
In base 16, what is 5afb - 2?
5af9
In base 4, what is 23 - 22231?
-22202
In base 6, what is -22 - -320501?
320435
In base 7, what is 305142 + -6?
305